hat is 7 + 0 + -1 - 9?
-3
Calculate -3 + (7 - 4) - 5.
-5
What is -22 + 15 - (-4 - 2)?
-1
1 + 1 + -5 + (0 - -2)
-1
What is the value of -5 + -2 + (9 - 4)?
-2
-4 + 6 - 3 - -4
3
Calculate -6 - (5 + -4) - -6.
-1
What is the value of (5 - 11) + (-4 - -4)?
-6
What is the value of -5 + 7 + -2 + 3?
3
Calculate (2 - -1) + -1 + -1 - -2.
3
What is the value of -3 - (1 - 2 - -1)?
-3
(-1 - (-3 - -6)) + 12
8
What is 6 + (0 - -3) + -11?
-2
What is the value of -3 - (-1 - (-4 - -2))?
-4
Evaluate (-6 - (1 + (-6 - 3))) + 4.
6
What is 0 + 4 + (10 - 2 - 9)?
3
Calculate 4 + -2 + -3 + 3.
2
Calculate (-5 - 1) + -4 + -7 + 7.
-10
What is the value of -4 + (-2 - -2) + (-17 - -18)?
-3
Calculate -7 - 2 - ((-4 - -8) + -6).
-7
What is the value of -1 + -6 + -4 + 6?
-5
Evaluate 2 + -2 + -1 + 2.
1
What is 3 + -5 + 1 + (4 - 0)?
3
What is (1 - (0 + -1)) + 1?
3
Evaluate -4 - ((-11 - -2) + 3 + 2).
0
What is the value of -1 + (13 - 10) + (1 - 6)?
-3
What is 3 + -1 + (1 - (2 + -1))?
2
-8 + 12 + (1 - 0) + -1
4
Calculate 0 - (2 - (2 + (-1 - -2))).
1
What is -14 - (3 + -18 - -7)?
-6
Evaluate -1 + (3 - 2) + (-29 - -34).
5
Evaluate (3 - -10) + -5 + -2.
6
Evaluate 3 - (-1 - -2 - -2).
0
What is the value of -4 + 2 + 0 - -4?
2
(18 - (7 - 0)) + -15
-4
Calculate -3 + 7 + -2 - 1.
1
-5 + 6 - -8 - 16
-7
Calculate 2 + (-12 - -8) - 3.
-5
(-52 - -50) + (1 - (3 + 1))
-5
Calculate 0 + (1 - -2 - (-16 - -13)).
6
Evaluate (-5 - (-9 - -14)) + 7.
-3
3 + (9 - 10) + 5 + 3
10
3 - (8 + -8) - (2 + -1)
2
What is the value of 6 + (1 - -6) + -11?
2
(6 - 1 - -3) + -1 - 1
6
Calculate (0 - (-2 - (2 + -6))) + 4.
2
What is 5 + 1 - (0 - -3 - 0)?
3
What is 1 + 2 + -10 + 12?
5
What is the value of 0 - (-3 + (-3 - -5) - 4)?
5
Evaluate -4 - (3 - 6) - 2 - -4.
1
Evaluate -3 + (-7 - -9 - 0).
-1
Evaluate (15 - 17) + 9 + -2.
5
Calculate 1 - (0 + 0 + -3).
4
What is the value of 2 + (-6 - -1) - -1?
-2
1 + -4 - (-5 + -4 + 6)
0
Calculate 2 + -1 + 7 + -3 + -3.
2
Evaluate 1 + 1 - (-160 + 160).
2
Evaluate (2 + 2 - (-10 - -9)) + -8.
-3
What is the value of (3 - (-5 - -4)) + 4 + -4?
4
What is the value of 11 - (6 + -1) - (0 - -1)?
5
Calculate 2 - 1 - 11 - (-9 - -5).
-6
What is the value of (-5 - (-1 + -1) - -1) + 0?
-2
-2 + -7 + 14 + -2
3
Calculate 4 - 9 - (-5 + 2).
-2
What is the value of -10 + (0 - -6 - -10)?
6
Evaluate (5 - 10) + (0 - -15) - 4.
6
Calculate 0 + -2 - (3 + 4 - 5).
-4
What is the value of -9 - (-4 - (-5 - (-1 - 5)))?
-4
(-2 - -2) + (4 - 7)
-3
1 - -2 - (5 + -4 + 1)
1
What is -17 + 1 + 15 + 6 + 0?
5
Calculate 19 + -19 + (1 - 1).
0
What is -2 + (-1 + 0 - -4)?
1
What is -2 + (-12 - -7 - -3)?
-4
Calculate (0 - -1) + (0 - (0 - -1)).
0
Calculate (-3 + -1 - -3) + 4.
3
-4 - (-2 + -1 + 0 - -4)
-5
What is the value of 57 + -55 - (-1 + 7)?
-4
Calculate 1 + 0 - 7 - (-18 + 18).
-6
(-1 + 5 - 1) + 7 - 5
5
7 + -21 + (12 - 3)
-5
Calculate 1 - (2 - 5) - (-1 + 3).
2
What is 7 + (-2 + -2 - 0)?
3
13 + -16 - (4 + -2)
-5
Evaluate 1 + 0 + 1 - (-79 - -76).
5
Calculate -16 + 13 - (-6 + (2 - 1)).
2
What is (3 - (6 - 4)) + -9?
-8
What is the value of 17 - 22 - (-6 + 2 - -6)?
-7
Evaluate -14 + -22 + 40 - (3 - 0).
1
What is 4 + -4 + (9 - 5) + -5?
-1
What is (-2 - 2) + (17 - 18)?
-5
Calculate 11 + -12 - (-3 - -2).
0
Calculate -1 + (4 - (0 - 1)).
4
Calculate -9 + (-15 + 8 - (4 + -12)).
-8
-8 - ((10 - 4) + -22)
8
What is the value of (0 - (3 + -1)) + (-2 - -1)?
-3
0 + 0 + (-5 + 8 - 3)
0
-3 - (6 + -7 + -8) - 14
-8
What is -7 - (-2 + -2 + 2 - 0)?
-5
8 + -18 - (-10 - -4)
-4
What is the value of 2 + -5 + (-2 - -2)?
-3
Calculate -27 + 29 - (2 + 4).
-4
Evaluate -2 + (1 + -5 + 8 - 4).
-2
-4 + -2 + (4 + -3 - -4)
-1
Evaluate (-2 - (-16 - -7)) + -6 + 7.
8
Evaluate 7 - (-2 + 1 + 6 - 0).
2
What is the value of 16 + -5 - (10 - 6)?
7
-5 + 11 + -5 + -1
0
4 + 3 - 1 - 4
2
(-1 - -12) + -17 - -6
0
What is (-1 - 2) + (-5 + 4 - -1)?
-3
Evaluate 1 + 0 - (2 + 0 - -2).
-3
Evaluate 8 + (-1 - 3) + -39 + 30.
-5
-4 + 7 - (6 + 0)
-3
-4 + -2 + (-3 - (-1 + -4))
-4
Evaluate (4 - 4) + -11 + (-1 - -3).
-9
Calculate -5 + 8 + 2 + -4 - 4.
-3
Evaluate -6 - (0 - 5) - (-1 + -2).
2
1 - 12 - (-73 - -59)
3
3 - ((0 - 4) + 4)
3
Calculate 3 + -5 + (9 - 2).
5
(105 - 94) + -8 + 2 + 2
7
Evaluate -7 + (2 - (3 - -4 - 8)).
-4
3 + -1 + 6 + -4 + -1
3
What is (2 - 4) + (-1 - -2 - 2)?
-3
Evaluate (5 - (-3 + 7)) + 3.
4
Evaluate -6 + (3 - 8) + 15.
4
Evaluate 10 + -13 + (-8 - -9).
-2
-5 - ((2 + 1 - 0) + 0)
-8
What is the value of 5 + -2 + (-3 - -2 - 5)?
-3
Calculate 5 - (-4 - 2 - -11).
0
-3 - -1 - 2 - (74 - 79)
1
What is the value of -5 + 3 + 2 - -2?
2
Evaluate 1 + 2 - (1 + -12 + 17).
-3
What is 5 + (4 + (1 - 1) - 6)?
3
Calculate 6 + -10 + 4 + 4 + -3.
1
What is the value of -4 - (-2 + -10 + (3 - 0))?
5
Evaluate -7 + 10 + 3 + -2 - 5.
-1
9 + 3 + -10 - -2
4
(8 + -18 - 4) + (7 - -1)
-6
Calculate 47 + -44 - (7 - -1).
-5
What is the value of 2 + -1 + 0 + (3 - 0)?
4
Evaluate 11 - 2 - 12 - 0.
-3
What is the value of (-4 - -4 - (-3 + 6)) + -1?
-4
Evaluate 0 - (-6 + 4 + (-1 - -1)).
2
Calculate -7 - (-15 - -7) - -2.
3
Evaluate (8 - (4 + 1)) + -3 + 0.
0
What is the value of 4 - ((2 - -4) + -7)?
5
What is the value of 0 + (6 - (-2 - -2 - -3))?
3
Evaluate 2 + (9 + -14 - -7).
4
Calculate (6 - 10) + 5 - -2.
3
What is the value of 14 - (16 + 1 + 0)?
-3
2 + -1 + 3 + -4
0
Evaluate 2 - 3 - 1 - (1 + 2).
-5
What is 3 - 2 - (-5 + 12)?
-6
What is the value of 5 + -2 + -4 + 1?
0
What is 2 + (-3 - -4) + 0 - 8?
-5
Calculate -19 - -14 - (2 + -3).
-4
Evaluate -1 + 4 - (16 + -14) - -2.
3
Calculate -12 + 8 - ((-9 - -4) + 6).
-5
11 + -21 + 11 + -3
-2
What is the value of 0 - ((5 - 2) + 4)?
-7
Evaluate (5 - 3 - 2) + 2.
2
2 + -2 + (-1 - -2)
1
(6 - (2 + -3)) + (-1 - 3)
3
What is -5 - (3 - 4) - -9?
5
Calculate 10 + (6 - 6) + 4 + -7.
7
What is the value of (-10 - (-2 + -1)) + -5 + 9?
-3
4 + (3 - (10 + 2))
-5
What is the value of 9 - -1 - (1 + 1) - 3?
5
Calculate (1 - (1 + -2)) + 9.
11
What is -4 + (7 - 4) - (3 - 8)?
4
What is the value of 6 + (-1 + -5 - -3)?
3
What is -3 + (2 - 5 - 0 - -11)?
5
Calculate 3 + -8 + -4 + 4 - -5.
0
What is (0 - 5) + -3 + 3?
-5
What is the value of 8 - (-1 + 0 - (9 + -12))?
6
What is the value of 3 - (-5 - -1 - -7 - 4)?
4
-2 + (-3 - (-2 - -3 - 11))
5
Calculate -7 + 12 + -4 + -5.
-4
What is (0 - 2 - -5) + -10 + 5?
-2
-8 - -8 - (2 + -2)
0
-1 + 20 + -10 - 9
0
Calculate 0 + -11 + 4 + -3 + 2.
-8
What is (19 - 3) + -17 + 4 + -1?
2
Evaluate -11 + (6 - -15) + -7.
3
Evaluate -16 + 3 - (-9 + 2).
-6
-8 - ((-4 - 7) + 0)
3
Evaluate -9 - -11 - (-6 + 3 + 2).
3
-7 + 1 + (15 - 12) + 5
2
What is (74 - 77) + (-2 - -9)?
4
-10 + 8 + 5 + -5
-2
What is the value of 3 + 2 + (3 - 4) + 0?
4
What is -13 + 0 + 2 + 8?
-3
Evaluate 5 - ((2 + -4 - -9) + -1).
-1
What is the value of 41 + -39 - (1 - -5)?
-4
Evaluate (-2 - -1) + (38 - 33) - -5.
9
Evaluate -15 + 1 + 2 - (-13 + 9).
-8
Calculate 152 + -154 - (2 - 3 - -5).
-6
What is -8 + (-2 + 2 - -5)?
-3
Evaluate 10 - (-1 - (-16 + 9)).
4
What is the value of 16 + -8 - (11 - 4)?
1
Evaluate -3 + 18 + -3 + -7.
5
What is the value of -4 + 0 + (1 - 2)?
-5
Calculate 4 - (2 - (3 + -6)).
-1
What is the value of -3 - (12 + -9 - (1 + 8))?
3
What is the value of -14 + 4 + -1 + -3 + 5?
-9
What is the value of 14 + -13 - (-3 + 3 - 0)?
1
1 + -3 + (2 - 2)
-2
Calculate 1 + (-20 - -9) - -7.
-3
What is the value of -2 + -15 + -4 + 14?
-7
What is the value of 51 - 46 - (1 - (-5 - -1))?
0
-9 - (-7 + 3) - -1 - 1
-5
-11 + (-3 - -10) + 6
2
What is (3 - 8) + 11 + 0 + -3?
3
What is 9 - 12 - (-1 + 2)?
-4
Calculate -3 - (0 + -9) - 6 - 0.
0
Calculate 8 - (3 + (-2 - -2)).
5
What is 3 + 1 + 3 + -13?
-6
What is the value of -2 - -5 - 3 - 4 - -4?
0
Evaluate 0 - (-1 + 0 + -4 + 2).
3
What is the value of -1 - -6 - -1 - 17 - -5?
-6
Evaluate 4 - (-1 - (-4 + (3 - -1))).
5
What is the value of (-9 + 7 - -3) + -6?
-5
Calculate -5 + (2 - 1) + (7 - -1).
4
Evaluate 0 + (1 - 0) - -4.
5
Calculate 3 + (-5 - -1) + (-3 - 0).
-4
6 + -1 + (-16 - -6) + 11
6
What is 4 + -3 + (-7 - -9)?
3
Evaluate -23 + 16 + (0 - (1 - 8)).
0
Calculate -3 - (0 + 0 + 31 + -32).
-2
What is 10 + -1 - (46 + -41) - 2?
2
(2 - 1) + (-1 - (2 + 2))
-4
What is the value of 0 + (-8 + (9 - 5) - 2)?
-6
Evaluate 5 + -1 + -1 + (-7 - 1).
-5
Calculate (1 + 1 + -4 - -1) + -4.
-5
Evaluate (-2 - -4 - (-7 + 11)) + 7.
5
What is the value of (-6 - -3) + (3 + -4 - -9)?
5
Calculate 0 + 0 - -1 